z + 7. Let t(x) = -162*x - 66. Let q(i) = 48*m(i) + 5*t(i). What is the tens digit of q(4)?
3
Let m = -14 - 0. Let d(k) = -5*k - 32. What is the units digit of d(m)?
8
Suppose 1 + 8 = -3*b. Let a = 5 + b. Suppose -a*q + 5 = -q. What is the units digit of q?
5
Suppose -4*u + 4 + 8 = 0. Suppose -2*p + u*p = -3*m + 100, -2*m - 2*p + 60 = 0. What is the tens digit of m?
3
Suppose 5*d = -5, -4*n - 6*d = -2*d - 24. What is the tens digit of 285/n + (-16)/(-56)?
4
Let a(r) = -r**3 - 13*r**2 - 14*r + 16. What is the units digit of a(-12)?
0
Let j be (-3)/(1/(24/9)). What is the tens digit of 1 + 15 + 8/j?
1
Let q be ((-9)/2)/(15/(-40)). Let z = 9 - q. What is the units digit of (-8 + 11)/(z/(-2))?
2
Let p(s) = -s**2 - s. Let h be p(-1). Let n = 2 + h. Suppose 0 = n*i + 1 - 7. What is the units digit of i?
3
Let g(v) = 7*v**3 + v. Let u be (-6)/27 + 7/(-9). Let n be g(u). Let r(p) = p**3 + 8*p**2 + p + 10. What is the units digit of r(n)?
2
Let n = -21 - -11. Let i = -7 - n. Suppose 5*p - 14 = i*p - 2*t, 5*t - 5 = p. What is the units digit of p?
5
Suppose -169 = -5*s - 2*k, 3*k = s + s - 60. What is the units digit of s?
3
Suppose -6*i = -5*v - 2*i + 32, -48 = -5*v - 4*i. Let p(k) = k + 6. What is the tens digit of p(v)?
1
Let d(j) = j - 3 + 0*j + 2. Let z = 0 + 7. What is the units digit of d(z)?
6
Suppose t = 1 - 5. Let f(b) = 2*b**2 - 4*b + 1. Let r be f(t). Suppose -2*m + 2*j = -5*m + 14, -3*m + 5*j + r = 0. What is the units digit of m?
8
Let v(b) = 21*b + 4. What is the units digit of v(2)?
6
Let s be (2/(-5))/(4/(-220)). Suppose -4*d + 34 = 3*b + d, -4*b = 2*d - s. Suppose 0*y = -b*y + 21. What is the units digit of y?
7
Let n be (4/8)/((-2)/4). Let y(j) = -10*j**3 - j. What is the tens digit of y(n)?
1
Let l(c) = 22*c - 5. What is the units digit of l(2)?
9
Let r(x) be the first derivative of -x**2 - 5*x + 3. Let y be r(-7). Suppose 3*f - 45 - y = 0. What is the tens digit of f?
1
Suppose 0*n + 2*n - 24 = 0. Suppose 5*x = -n - 8. Let q = -2 - x. What is the units digit of q?
2
Suppose -4*x + 5*x - 34 = 0. Suppose 4*k + x = 2. Let d = 19 + k. What is the units digit of d?
1
Suppose 3*c + 1 = 7, d = 3*c + 95. What is the tens digit of d?
0
Let a = 11 + -4. Let w(q) = 2*q**2 - 11*q + 7. What is the units digit of w(a)?
8
Let o(g) = 7*g - 2. Let j(r) = -r**2 - 8*r + 3. Let q be (-9)/((-6)/(-2)) - -1. Let m(c) = q*j(c) - 3*o(c). What is the units digit of m(4)?
2
Let r(y) = 34*y - 1. What is the tens digit of r(1)?
3
Suppose 10*c - 999 = c. What is the tens digit of c?
1
Suppose 2*q = -5*f + 91 + 100, -2*q + 4*f + 146 = 0. What is the tens digit of q?
8
Suppose 4*q + 3*b = 246, 5*q - 5*b = -3*b + 319. What is the units digit of q?
3
Let c(j) = -j**2 - 11*j - 2. Let f be c(-11). Let y be (8 + -5)*(-2)/f. Suppose -5*w + 47 = 2*o, -2*w + o + 14 = -y*o. What is the units digit of w?
9
Suppose 5*n = -4*p + 563, -3*n = -p - 103 + 248. What is the hundreds digit of p?
1
Let o(g) = 2*g**2 - 4*g**2 - 1 - g**2 - g**3 - 4*g**2 - 8*g. What is the tens digit of o(-6)?
1
Suppose 4*n = 2*k + 3*k + 2, 4*n - 12 = 0. Let q(x) = x**3 - 2*x**2 + 3*x - 2. What is the units digit of q(k)?
4
Suppose 3*o = 2*o - 1, 0 = 2*x - 4*o - 10. Let n = x - 10. Let b(g) = g**2 + 5*g - 9. What is the units digit of b(n)?
5
Let v be ((-6)/(-5))/((-4)/20). Let b = v + 24. What is the units digit of b?
8
Suppose g = -3*g. What is the units digit of g/(-3) + (9 - 0)?
9
Suppose -10*p - 1 = -11*p. What is the units digit of p?
1
Suppose 118 = 3*q + 2*h, 3*q = -2*q - 4*h + 200. What is the tens digit of q?
3
Suppose -3*i = -0*i. Suppose i = 5*n - 13 + 3. Suppose -4*g = -n*g - 26. What is the units digit of g?
3
Suppose -6*j + 186 + 36 = 0. What is the units digit of j?
7
What is the units digit of (-10)/((-10)/189) - -3?
2
Let p(b) = b**2 - 3*b - 1. Let h(x) = 2*x**2 - 5*x - 1. Let m(v) = 4*h(v) - 7*p(v). What is the tens digit of m(4)?
2
Let k = -51 + 27. What is the units digit of (15/(-4))/(2/k)?
5
Let w be (0/4)/(1 - 2). What is the units digit of (-2 - (1 - w)) + 4?
1
Let n be 0 - (-2 + 0/(-3)). Suppose 0 = 2*o + 5*l - 18, n*o - 4*l = -0*l. What is the tens digit of 0 - (o*-2 - 2)?
1
Suppose 4*x - 29 = -f + 241, -5*f + 1438 = -2*x. What is the units digit of f?
6
Let z(a) = a**3 + 18*a**2 + 36*a - 21. What is the hundreds digit of z(-15)?
1
What is the tens digit of 4/(-10) + 13/(-5) + 39?
3
Let f(s) = s**2 + 5*s - 4. Let v be f(-6). What is the units digit of (v - 2) + 18*2?
6
Let p = -174 - -260. What is the units digit of p?
6
Suppose 2*f = -0*f + 4. Suppose 0 = 3*s - f*s - 6. What is the units digit of s?
6
Suppose -g = -5*z + 4, -2*g - 2*g = -z - 41. What is the tens digit of g?
1
Suppose -11 = -c + 4*o - 2*o, -o - 4 = c. Suppose -c - 50 = -3*p. What is the units digit of p?
7
Let p(t) = -61*t**2 + 1. Let x be p(-1). Let y be (-2 + 0)/((-8)/x). What is the units digit of (-4)/10*(y + 0)?
6
Let k = -9 - -24. Suppose -4*q = q - k. What is the units digit of q?
3
Let h be (-1)/4 - 42/(-8). Suppose h = 4*o - 23. What is the units digit of o?
7
Let r(o) = o**3 + 9*o**2 - 11*o + 9. What is the tens digit of r(-10)?
1
Suppose 3*y - v - 8 = 0, 5*y + 2*v + 0 = -5. Let w(d) = -3*d - y + 3 - 4. What is the tens digit of w(-4)?
1
Suppose 0*f + 5*k = -2*f + 6, -f = k - 3. Suppose u + f*u = 8. What is the units digit of u?
2
Suppose -3*b = -2*b + u + 7, 5*b = -4*u - 33. Let a = b + 6. What is the units digit of a?
1
Let s be 24/3 - -2 - 1. What is the units digit of ((-24)/4)/(s/(-24))?
6
Suppose -4 = 2*a - 8. Let g = 0 - 0. Suppose -a*q - 4 + 12 = g. What is the units digit of q?
4
Let b(k) = 11*k - 3 - 4 - k**2 - 4*k + 1. Let a be b(4). Suppose -2*j - 36 = -a*j. What is the units digit of j?
9
Let j(f) = -f**3 + 11*f**2 - 8*f + 6. What is the tens digit of j(7)?
4
Suppose -5*w + 186 = -2*w. What is the tens digit of w?
6
Suppose l + 254 = 5*c, 0 = c + 2*c - 5*l - 170. Let x = -29 + c. What is the tens digit of x?
2
Let n(v) = -7*v + 1 + 3*v + 1 - 3. What is the tens digit of n(-4)?
1
Let f(k) = -15*k + 6*k**2 - k**3 - 5*k**2 - 11*k**2 - 5*k**2 + 13. What is the tens digit of f(-14)?
2
What is the units digit of (1 - -1)*(16 - 3)*4?
4
Let z = 8 + -5. Let p = z + -1. What is the tens digit of (p - -7)*(-4)/(-3)?
1
Let z(a) = a**2 - 17*a - 9. What is the units digit of z(18)?
9
Let d = 93 - 54. What is the units digit of d?
9
What is the tens digit of 219/5 + (-7)/(-35)?
4
Suppose -z + 92 = -32. What is the hundreds digit of z?
1
Let m(i) = -i**2 - 8*i - 6. Let h be m(-8). Let o(k) = -k**3 - 5*k**2 + 5*k - 4. What is the units digit of o(h)?
2
Suppose -3*s + 0*d = -3*d - 105, 172 = 4*s + 4*d. What is the units digit of s?
9
Let y(v) = 7*v + 1. Let n be y(-1). Suppose -3*t + 5 + 1 = 0, -4*t - 30 = -2*q. Let u = n + q. What is the tens digit of u?
1
Let m(g) = -g**2 - 10*g - 5. What is the tens digit of m(-6)?
1
Let o(n) = 6*n**2 - 1. Let h be o(-1). Let v be ((-9)/6)/(12/(-16)). Suppose -k = -v*k + h. What is the units digit of k?
5
Let z be 1382/6 + 6/(-18). Suppose -7*s + 2*s + z = 5*y, 187 = 4*s + y. What is the units digit of s?
7
Let g(s) = -35*s. Suppose 0 = 2*n + 3*n + 5. What is the units digit of g(n)?
5
Let k(s) = -s**2 - 5*s - 2. Let n be k(-5). Suppose -5*b - 4*i = 0, 0*i - 17 = -3*b + i. Let o = n + b. What is the units digit of o?
2
Let t be (-1)/((1 - 0)/12). What is the units digit of (4/6)/((-4)/t)?
2
Let r(f) = 2*f**2 + 12*f + 9. What is the units digit of r(-10)?
9
Let j = 58 + -144. Let u = 129 + j. What is the units digit of u?
3
Suppose 52 - 394 = -5*w - m, w - 57 = -4*m. Suppose 5*r + k = w, 3*k + 72 = 5*r + k. What is the tens digit of r?
1
Let v = 14 - 5. Suppose -4*w + w + v = 0. Suppose -w*y + 78 = 3*t, 0 = t - 2*t - 4*y + 41. What is the tens digit of t?
2
Suppose 0 = -4*a + 3*a + 3*s + 139, 0 = 5*a - 4*s - 706. What is the hundreds digit of a?
1
Let y(k) = k**2 + 6*k - 4. What is the hundreds digit of y(-14)?
1
Let k = -217 + 307. What is the units digit of k?
0
Let u be (3/(-5))/((-2)/10). Suppose 82 = -p + 3*p + 3*y, u*y + 58 = 2*p. Suppose -6 - 4 = 2*k, 0 = 4*c - 3*k - p. What is the units digit of c?
5
Let b be 3/2*104/6. Suppose -4*m + b = -2*m. What is the tens digit of m?
1
Let x = -20 + 30. Suppose 9*u + 31 = x*u. What is the tens digit of u?
3
Let x(b) =